 Suppose -q*m + 245 = -2*m. Suppose 33 + 1 = 2*t. Calculate the remainder when m is divided by t.
15
Let y = 966 - 914. Calculate the remainder when 673 is divided by y.
49
Let q = -81 + 90. Let b be -3 - (-33 - (0 + 0)). Let a = b + 3. Calculate the remainder when a is divided by q.
6
Let h = -1015 - -1029. Suppose 0 = -q + 2*q - 137. What is the remainder when q is divided by h?
11
Suppose 4*i - 2*t - 1524 = 0, 3*i - 4*i = 2*t - 391. What is the remainder when i is divided by 16?
15
Suppose -3*s + 164 = s. Let k = -25 + 66. Let b = k - 30. Calculate the remainder when s is divided by b.
8
Let f = -2676 - -2813. Let q = 88 - 53. Calculate the remainder when f is divided by q.
32
Suppose -408 = -3*d - 213. Calculate the remainder when 714 is divided by d.
64
Let w be ((-2)/(-3))/((-2)/(-9)). Let n(p) = -p**3 + 5*p**2 - p + 4. What is the remainder when n(w) is divided by 11?
8
Let g = -203 + 220. Calculate the remainder when 1/(-3) - (-97)/3 is divided by g.
15
Suppose 2255 = 49*h - 440. Calculate the remainder when 261 is divided by h.
41
Let v be 2/8 - (-45)/12. Let r(w) = -w**3 + 9*w**2 + 1. What is the remainder when r(v) is divided by -4 + -9 + 38 + 3?
25
Let d(k) = -5*k - 5. Let c(q) = 26*q + 25. Let y(z) = -2*c(z) - 11*d(z). Let b be (-56)/(-9) + (-4)/18. What is the remainder when y(b) is divided by 15?
8
Let a(g) = 3*g + 8. Suppose -3*w + 52 = -5*u, 5*u - 122 + 6 = -4*w. Calculate the remainder when a(12) is divided by w.
20
Let v = 33 - 49. Let o be -4*4/v*34. Let y = -29 + o. Calculate the remainder when 8 is divided by y.
3
Let j be 928/10 - 2/(-10). Suppose j = 7*r - 4*r. Calculate the remainder when r is divided by 16.
15
Suppose 5*o + 21 = 56. Let f(i) = -i**2 - 31*i + 15. Let p be f(-30). What is the remainder when o is divided by p/(-6)*((-2)/(-6) + -1)?
2
Let a be 0 + (-29)/9 - 16/(-72). Let b(y) = 5 - 2 - 17*y - 2. What is the remainder when b(a) is divided by 18?
16
Let p(y) = y**3 - 2*y**2 + y + 3. Let q(b) = 5*b**3 + 2*b**3 - 3 + 0*b**3 + 1 + b. Calculate the remainder when q(2) is divided by p(3).
11
Let n = -56 - -78. Let y(a) = -2*a - 6. Suppose 2*t = 3 - 15. What is the remainder when n is divided by y(t)?
4
Calculate the remainder when -2 - 2 - (-258 - 7) is divided by 66.
63
Suppose -2*g = -4*w + 4, 0 = 5*g + 2*w - 0*w - 38. Calculate the remainder when (-2)/g*-218 - 2/3 is divided by 25.
22
Let a = -976 + 995. What is the remainder when 218 is divided by a?
9
Suppose 5*d = -0*d + 90. Calculate the remainder when 24 is divided by 6/(-4)*d/(-3).
6
Let j(a) = -a**3 + a**2 + 153. Let k be j(0). Let p = 49 - -31. Suppose 0 = 2*v + 3*f - k, -f - 454 = -5*v - p. What is the remainder when v is divided by 19?
18
Let d(l) = -l**2 - 17*l - 53. Let f = -56 + 46. What is the remainder when 32 is divided by d(f)?
15
Suppose -5*x = -10 - 95. What is the remainder when ((-60)/x)/((-1)/7) is divided by -2 + (4 + -5)*-9?
6
Let o(w) = -w**2 + 8*w - 5. Let k be o(5). Suppose k*z - 13*z - 114 = 0. Let j = -7 - z. Calculate the remainder when 91 is divided by j.
29
Let q(o) = 5*o**3 + o**2 - 32*o + 59. Calculate the remainder when q(2) is divided by 12.
3
Suppose 3*m - 80 - 130 = -5*u, -3*m = 15. Let v be -3 + 0 + 140/(-10). Let f = v + u. What is the remainder when 55 is divided by f?
27
Let g = 6 + 4. Suppose -128 = -2*o + 18. Suppose -117 - o = -5*t. What is the remainder when t is divided by g?
8
Suppose 17*t - 12*t + i - 119 = 0, -2*i - 26 = -t. What is the remainder when 91 is divided by t?
19
Suppose -4*g + 10 = 78. Let q = -10 - g. Suppose 216 = 5*d + 56. Calculate the remainder when d is divided by q.
4
Suppose 2*p - 978 = 864. Suppose 4*w = -41 + p. Suppose -d + 2 = -2, -4*y = d - w. What is the remainder when y is divided by 19?
16
Let c be (2 + -1)*(-2 + 7). Suppose -92 = -c*w + 313. Suppose 2*u + 3 = -5, 4*u + w = 5*p. Calculate the remainder when 36 is divided by p.
10
Suppose -42*u - 1074 + 3216 = 0. Let v = 87 + -61. Calculate the remainder when u is divided by v.
25
Suppose -10*p + 52 - 2 = 0. Suppose -5*t - 2 = h, 2*h - p*h + 2*t = -11. Calculate the remainder when 15 is divided by h.
0
Suppose 0 = 4*d - 4*j - 10 + 2, 17 = d + 4*j. What is the remainder when 28 is divided by d?
3
Suppose 0 = 5*i - 10. Let p = 6 + 3. Let w = p + -7. What is the remainder when w is divided by i?
0
Suppose 0 = 8*p + 18 + 54. Let x be 7 - 9/(p/(-4)). Suppose -3*n = -x, -3*v + 167 - 60 = 2*n. What is the remainder when v is divided by 13?
9
Let n(l) = l - 7. Let v be n(12). Let w = 65 - 10. Calculate the remainder when w is divided by v*5 + -7 + 10.
27
Let k = -10 + 17. Suppose -4*f + 9*f = 240. Calculate the remainder when f is divided by k.
6
Let l = -81 - -113. Let p(i) = 7 + 3*i**3 - 3*i**3 - 54*i - 4*i**2 + i**3 + 51*i. What is the remainder when l is divided by p(5)?
15
Suppose -u + 2*d + 364 = 0, -129 = -2*u + 5*d + 599. Suppose 10*o + 3*o = u. Calculate the remainder when o is divided by 11.
6
Let j(v) = 2*v + 52. What is the remainder when j(14) is divided by 33?
14
Suppose 10 = -2*u + 48. What is the remainder when 27 is divided by u?
8
Let x be 5/3 + 10/30. Let h be 1 - 5 - -2*x. Suppose -s - 1 + 15 = h. Calculate the remainder when s is divided by 5.
4
Suppose -2*r - 3 = 1. Let w(n) = n**2 - n - 3. Let h(f) = f**2 - 2*f - 3. Let c(q) = r*h(q) + 3*w(q). Calculate the remainder when 66 is divided by c(-5).
15
Let g(p) = 6*p**2 - 8*p + 14. Let m be g(6). Suppose -6*t + m - 50 = 0. Calculate the remainder when 39 is divided by t.
17
Let f(c) = c**3 - c**2 + c + 8. Calculate the remainder when (10 - 8)*21/2 is divided by f(0).
5
Let n = -129 - -183. Calculate the remainder when 439 is divided by n.
7
Let k(t) = -t**2 + 49*t + 12. What is the remainder when 19 is divided by k(49)?
7
What is the remainder when 213 is divided by (-2 + -5)/7 + 37?
33
Suppose 1 = -v + 3. Suppose v*m + 0*m = 16. What is the remainder when -4*(52/(-8) + -1) is divided by m?
6
Let l(b) = -b**3 + 18*b**2 + 49*b - 51. What is the remainder when 1031 is divided by l(20)?
128
Suppose -358*f + 397*f - 7176 = 0. What is the remainder when f is divided by 29?
10
Let o = -325 - -396. Calculate the remainder when 213 is divided by o.
0
Suppose 5*v + 40 = 305. Suppose -6*n + 3*d = -2*n - 59, 3*n + 4*d = 13. Calculate the remainder when v is divided by n.
9
Suppose 0 = -4*p - 1 + 5. Suppose -5*u = -84 - p. Calculate the remainder when 65 is divided by u.
14
Suppose -12 = -8*n + 6*n. Suppose 0 = -5*q + 113 - 8. What is the remainder when q is divided by n?
3
Suppose 3*p - 2*h = 100 + 138, -h - 5 = 0. What is the remainder when p is divided by 23?
7
Suppose -300*f = -314*f + 1694. Calculate the remainder when f is divided by 31.
28
Let v(q) = 2*q**2 + 100*q + 35. What is the remainder when 311 is divided by v(-50)?
31
Let m = -6 + 10. Let o be (-2)/(-7) + 23/(-7). Calculate the remainder when 24/5 + o/(-15) is divided by m.
1
Suppose 22*p + 144 = 25*p. Calculate the remainder when p is divided by 28.
20
Let y(c) = -4*c + 12. Let j be y(5). Let a = 11 - j. Calculate the remainder when a is divided by 11.
8
Let s = -96 + 177. Suppose 2*y = -d + 59, s = -y + 4*y - d. What is the remainder when y is divided by 10?
8
Let h = -13 + 15. Let k be (0/(h + 2))/1. Suppose -l - l + 118 = k. What is the remainder when l is divided by 30?
29
Suppose l = -5*q + 44, 5*q + 81 = 3*l + 3*q. Calculate the remainder when 142 is divided by l.
26
What is the remainder when ((-2592)/(-56))/((-2)/(-7)) is divided by 59?
44
Let r be (2/(-7)*9)/(4/28). Let p(q) = -2*q - 29. Calculate the remainder when (2/3)/((-4)/(-78)) is divided by p(r).
6
Let g(h) = 69*h - 49. Calculate the remainder when 37 is divided by g(1).
17
Let c = 129 + -88. Let v = c - 22. Calculate the remainder when v is divided by (-16)/48 - (40/(-3) + 2).
8
Suppose 2*o - 144 = -2*o + q, -3*q = 3*o - 108. What is the remainder when o is divided by 31?
5
Let q = -30 - -50. Let j = -16 + 23. What is the remainder when q is divided by j?
6
Let w(h) = -2*h + 9. Let r be w(-5). Suppose 2*c + r = -0*c + d, 2*d = -4*c - 34. What is the remainder when (-192)/(-2)*(-3)/c is divided by 9?
5
Suppose 0*f + 206 = f. Suppose 3*q - 2*q - f = 0. What is the remainder when 102 is divided by q/6 - 4/(-6)?
32
Suppose 5*j - 15 = n, -5*n + 3*j + 